 base 2.
-11110
What is -b (base 13) in base 6?
-15
-36 (base 9) to base 14
-25
Convert 1 (base 13) to base 7.
1
Convert 4 (base 13) to base 16.
4
-141 (base 7) to base 10
-78
8 (base 11) to base 15
8
-15 (base 13) to base 14
-14
Convert 0 (base 6) to base 10.
0
What is 1100001 (base 2) in base 16?
61
What is a (base 14) in base 12?
a
Convert -226 (base 7) to base 5.
-433
Convert -36 (base 9) to base 12.
-29
What is -17 (base 9) in base 6?
-24
5 (base 16) to base 10
5
41 (base 13) to base 11
49
What is -86 (base 13) in base 2?
-1101110
Convert 0 (base 10) to base 11.
0
What is 101111 (base 2) in base 10?
47
Convert -1211 (base 4) to base 14.
-73
15 (base 15) to base 14
16
-22 (base 6) to base 14
-10
What is -110111 (base 2) in base 15?
-3a
Convert 17 (base 9) to base 8.
20
What is -1 (base 16) in base 11?
-1
Convert 12a (base 15) to base 7.
526
Convert 1 (base 11) to base 8.
1
Convert -3 (base 15) to base 9.
-3
What is -4 (base 12) in base 4?
-10
Convert 11 (base 5) to base 13.
6
0 (base 5) to base 3
0
1102 (base 5) to base 10
152
c3 (base 16) to base 2
11000011
20 (base 10) to base 5
40
Convert -12 (base 3) to base 8.
-5
What is -1011100 (base 2) in base 6?
-232
a (base 12) to base 15
a
Convert -4 (base 13) to base 3.
-11
Convert -4 (base 7) to base 11.
-4
What is -45 (base 12) in base 3?
-1222
3 (base 14) to base 11
3
-16 (base 7) to base 14
-d
Convert -b (base 13) to base 9.
-12
Convert 3 (base 7) to base 9.
3
Convert -2232 (base 4) to base 9.
-213
What is 50 (base 10) in base 14?
38
Convert -111 (base 2) to base 14.
-7
101 (base 9) to base 12
6a
Convert -12122 (base 3) to base 8.
-230
53 (base 10) to base 13
41
Convert 34 (base 16) to base 14.
3a
Convert 23 (base 15) to base 7.
45
Convert -c (base 13) to base 5.
-22
What is -110 (base 2) in base 7?
-6
Convert -189 (base 10) to base 11.
-162
Convert -57 (base 11) to base 6.
-142
Convert -b (base 16) to base 12.
-b
Convert -132 (base 6) to base 2.
-111000
What is -2b (base 12) in base 2?
-100011
11 (base 12) to base 7
16
What is 2 (base 15) in base 14?
2
-32 (base 5) to base 15
-12
What is -2110 (base 3) in base 13?
-51
Convert 14 (base 8) to base 12.
10
Convert -150 (base 7) to base 10.
-84
Convert -33 (base 7) to base 2.
-11000
What is 99 (base 10) in base 7?
201
7 (base 9) to base 10
7
12 (base 15) to base 16
11
-6 (base 11) to base 4
-12
Convert -5 (base 15) to base 6.
-5
-23 (base 13) to base 4
-131
Convert 10001000 (base 2) to base 6.
344
19 (base 14) to base 4
113
Convert -5 (base 9) to base 5.
-10
What is -1 (base 16) in base 8?
-1
Convert 4 (base 8) to base 13.
4
Convert 22 (base 5) to base 3.
110
Convert 1 (base 9) to base 8.
1
3 (base 15) to base 14
3
42 (base 13) to base 10
54
What is 15 (base 14) in base 7?
25
-210 (base 6) to base 12
-66
What is 150 (base 9) in base 12?
a6
What is -102 (base 6) in base 16?
-26
What is 201 (base 4) in base 8?
41
What is -1 (base 10) in base 16?
-1
Convert -311 (base 5) to base 14.
-5b
5 (base 8) to base 14
5
What is -1203 (base 4) in base 12?
-83
-20 (base 11) to base 13
-19
What is -1a (base 16) in base 5?
-101
What is -36 (base 13) in base 15?
-30
11 (base 5) to base 10
6
-1 (base 10) to base 9
-1
4 (base 15) to base 11
4
What is 88 (base 14) in base 3?
11110
Convert -2 (base 11) to base 6.
-2
What is -31 (base 4) in base 10?
-13
What is 10230 (base 4) in base 5?
2200
Convert -44 (base 7) to base 12.
-28
Convert 49 (base 12) to base 5.
212
What is -100 (base 8) in base 4?
-1000
What is -3 (base 5) in base 15?
-3
-17 (base 11) to base 9
-20
What is -36 (base 8) in base 13?
-24
-3 (base 4) to base 16
-3
-22 (base 3) to base 5
-13
188 (base 9) to base 2
10100001
Convert 423 (base 7) to base 2.
11010101
0 (base 11) to base 12
0
What is 3 (base 16) in base 8?
3
-1110011 (base 2) to base 9
-137
What is -1 (base 3) in base 15?
-1
Convert 1 (base 10) to base 11.
1
-443 (base 6) to base 12
-123
What is 5 (base 13) in base 4?
11
-98 (base 15) to base 2
-10001111
What is -1c4 (base 14) in base 5?
-2433
What is -4 (base 5) in base 14?
-4
Convert 2000 (base 4) to base 5.
1003
0 (base 11) to base 4
0
Convert -14 (base 6) to base 5.
-20
Convert 75 (base 8) to base 9.
67
-7 (base 16) to base 3
-21
What is 2 (base 15) in base 9?
2
What is -c (base 16) in base 9?
-13
Convert 1 (base 6) to base 9.
1
Convert 0 (base 16) to base 4.
0
2 (base 16) to base 4
2
-413 (base 5) to base 2
-1101100
0 (base 16) to base 9
0
7 (base 8) to base 11
7
1041 (base 5) to base 7
266
6d (base 14) to base 6
241
-1111000 (base 2) to base 16
-78
-1 (base 9) to base 3
-1
Convert -16 (base 7) to base 2.
-1101
What is -11002 (base 3) in base 15?
-75
Convert 110102 (base 3) to base 12.
23b
14 (base 12) to base 13
13
Convert -8a (base 11) to base 6.
-242
Convert -3 (base 5) to base 10.
-3
12 (base 12) to base 13
11
What is -91 (base 14) in base 16?
-7f
Convert 1b (base 14) to base 10.
25
-150 (base 8) to base 7
-206
Convert 16 (base 11) to base 13.
14
-1 (base 16) to base 7
-1
-210 (base 3) to base 14
-17
What is 3a (base 11) in base 12?
37
Convert 1010 (base 2) to base 8.
12
What is 179 (base 11) in base 8?
317
2 (base 9) to base 6
2
Convert -10 (base 12) to base 15.
-c
Convert -7 (base 14) to base 8.
-7
100 (base 3) to base 6
13
Convert 3 (base 8) to base 3.
10
Convert 89 (base 15) to base 7.
243
1010 (base 3) to base 9
33
What is -20202 (base 3) in base 16?
-b6
Convert -13 (base 6) to base 11.
-9
2 (base 16) to base 7
2
3 (base 11) to base 9
3
-3 (base 6) to base 15
-3
16 (base 13) to base 12
17
What is -40 (base 10) in base 4?
-220
What is 1 (base 2) in base 6?
1
0 (base 4) to base 8
0
-2 (base 8) to base 14
-2
-121 (base 8) to base 12
-69
21 (base 13) to base 16
1b
What is -103 (base 10) in base 13?
-7c
What is -5 (base 14) in base 12?
-5
What is 12 (base 14) in base 3?
121
Convert 139 (base 14) to base 6.
1051
61 (base 9) to base 5
210
86 (base 9) to base 7
141
Convert 145 (base 8) to base 15.
6b
-8c (base 14) to base 4
-1330
What is -30 (base 6) in base 11?
-17
3 (base 16) to base 10
3
What is 59 (base 15) in base 11?
77
What is -2 (base 6) in base 5?
-2
Convert 1 (base 3) to base 7.
1
21 (base 4) to base 8
11
Convert 32 (base 6) to base 2.
10100
0 (base 14) to base 8
0
Convert 15 (base 13) to base 2.
10010
Convert -32 (base 8) to base 2.
-11010
What is -2 (base 16) in base 2?
-10
What is -69 (base 10) in base 16?
-45
What is 210 (base 3) in base 16?
15
1 (base 7) to base 3
1
What is 11 (base 10) in base 7?
14
Convert -4 (base 9) to base 15.
-4
Convert -1 (base 4) to base 2.
-1
Convert 5 (base 16) to base 8.
5
Convert -124 (base 9) to base 5.
-403
-4 (base 9) to base 2
-100
87 (base 10) to base 4
1113
101100 (base 2) to base 13
35
111111 (base 2) to base 8
77
23 (base 11) to base 15
1a
-22 (base 9) to base 6
-32
What is -8 (base 10) in base 4?
-20
-1 (base 13) to base 12
-1
Convert -2 (base 14) to base 2.
-10
What is 7 (base 9) in base 3?
21
What is 1001 (base 2) in base 5?
14
-2 (base 9) to base 7
-2
What is -8 (base 13) in base 5?
-13
403 (base 7) to base 9
241
-1 (base 7) to base 12
-1
Convert 1 (base 5) to base 9.
1
-1b5 (base 15) to base 2
-110001011
What is -49 (base 15) in base 3?
-2120
What is 0 (base 10) in base 6?
0
What is 3 (base 4) in base 9?
3
What is 14 (base 13) in base 2?
10001
What is 124 (base 9) in base 5?
403
414 (base 9) to base 16
151
-44 (base 10) to base 2
-101100
What is 1111 (base 2) in base 9?
16
-8 (base 10) to base 9
-8
-1 (base 6) to base 7
-1
Convert 22 (base 6) to base 10.
14
What is -3 (base 10) in base 6?
-3
-6 (base 14) to base 4
-12
What is 59 (base 11) in base 15?
44
Convert 2 (base 8) to base 11.
2
What is -2 (base 10) in base 9?
-2
What is 6 (base 14) in base 8?
6
What is -12 (base 3) in base 16?
-5
48 (base 9) to base 15
2e
1aa (base 11) to base 14
133
-2 (base 5) to base 10
-2
What is 5 (base 12) in base 11?
5
2 (base 12) to base 16
2
What is -6 (base 15) in base 14?
-6
Convert 99 (base 16) to base 6.
413
What is -4 (base 12) in base 13?
-4
Convert 3 (base 4) to base 3.
10
-61 (base 8) to base 13
-3a
152 (base 7) to base 12
72
Convert -7 (base 13) to base 3.
-21
Convert 1011110 (base 2) to base 8.
136
What is 2 (base 4) in base 7?
2
Convert -15 (base 16) to base 10.
-21
-112 (base 3) to base 9
-15
What is 50 (base 6) in base 4?
132
What i